 the remainder when 187122901 is divided by 783?
778
What is the remainder when 1644404 is divided by 4968?
4964
What is the remainder when 57428 is divided by 28698?
32
What is the remainder when 13385280 is divided by 163235?
10
Calculate the remainder when 4449551 is divided by 1335.
1331
What is the remainder when 1458929 is divided by 1458905?
24
Calculate the remainder when 681378 is divided by 415.
363
What is the remainder when 264434 is divided by 88133?
35
Calculate the remainder when 20350146 is divided by 145.
121
What is the remainder when 3048278 is divided by 71?
35
Calculate the remainder when 199728211 is divided by 139475.
11
Calculate the remainder when 395401 is divided by 335.
101
Calculate the remainder when 6846953 is divided by 646.
645
What is the remainder when 1949076 is divided by 28?
24
Calculate the remainder when 29531 is divided by 754.
125
Calculate the remainder when 31079 is divided by 25473.
5606
What is the remainder when 228125 is divided by 113554?
1017
What is the remainder when 2111062 is divided by 226?
222
What is the remainder when 26325038 is divided by 1621?
1619
Calculate the remainder when 2991534 is divided by 241.
1
What is the remainder when 6087582 is divided by 4053?
4029
Calculate the remainder when 6445660 is divided by 3805.
3795
Calculate the remainder when 8015 is divided by 1417.
930
Calculate the remainder when 538662 is divided by 265.
182
What is the remainder when 79352400 is divided by 141?
138
What is the remainder when 1214284 is divided by 18681?
19
What is the remainder when 99776 is divided by 1203?
1130
What is the remainder when 676894 is divided by 676882?
12
What is the remainder when 28876068 is divided by 8164?
0
What is the remainder when 334133 is divided by 193?
50
Calculate the remainder when 11473208 is divided by 221.
214
Calculate the remainder when 20451 is divided by 6629.
564
What is the remainder when 4408083 is divided by 782?
731
What is the remainder when 1920067 is divided by 132?
127
What is the remainder when 386877 is divided by 702?
75
Calculate the remainder when 22749513 is divided by 107309.
5
What is the remainder when 8451759 is divided by 37?
34
What is the remainder when 115510 is divided by 273?
31
What is the remainder when 51579982 is divided by 56?
6
Calculate the remainder when 2687783 is divided by 1372.
35
What is the remainder when 465231 is divided by 1846?
39
What is the remainder when 28610 is divided by 5713?
45
Calculate the remainder when 1801476 is divided by 30.
6
Calculate the remainder when 3008866 is divided by 4990.
4886
What is the remainder when 7934539 is divided by 3967262?
15
What is the remainder when 163305 is divided by 2740?
1645
Calculate the remainder when 658703 is divided by 660.
23
What is the remainder when 470132 is divided by 851?
380
Calculate the remainder when 25804 is divided by 5054.
534
What is the remainder when 4596724 is divided by 151?
133
What is the remainder when 1307235 is divided by 102?
3
What is the remainder when 251749324 is divided by 61?
6
Calculate the remainder when 5581403 is divided by 789.
17
What is the remainder when 246137 is divided by 2371?
1924
What is the remainder when 42659 is divided by 284?
59
What is the remainder when 102740397 is divided by 120?
117
Calculate the remainder when 154357 is divided by 152542.
1815
Calculate the remainder when 39142642 is divided by 7914.
7912
Calculate the remainder when 6810914 is divided by 7740.
7454
What is the remainder when 37567937 is divided by 1090?
1087
Calculate the remainder when 1455680 is divided by 94.
90
Calculate the remainder when 13993 is divided by 13989.
4
Calculate the remainder when 78820675 is divided by 36712.
11
Calculate the remainder when 2591293 is divided by 66.
1
Calculate the remainder when 5606169 is divided by 6.
3
What is the remainder when 4158548 is divided by 143398?
6
What is the remainder when 4725596 is divided by 642?
476
Calculate the remainder when 2192521 is divided by 392.
65
Calculate the remainder when 917528 is divided by 30579.
158
What is the remainder when 32788290 is divided by 72?
66
Calculate the remainder when 8368 is divided by 682.
184
Calculate the remainder when 5912664 is divided by 1345.
44
Calculate the remainder when 15256453 is divided by 14.
9
Calculate the remainder when 736720 is divided by 17539.
82
What is the remainder when 1183888 is divided by 59193?
28
What is the remainder when 61502 is divided by 143?
12
What is the remainder when 264654076 is divided by 40?
36
Calculate the remainder when 49098003 is divided by 562.
559
Calculate the remainder when 336532 is divided by 33.
31
Calculate the remainder when 480044 is divided by 159953.
185
Calculate the remainder when 116321963 is divided by 6462331.
5
Calculate the remainder when 2124142 is divided by 193102.
20
What is the remainder when 8489640 is divided by 2122410?
0
What is the remainder when 4970483 is divided by 292381?
6
What is the remainder when 3484649 is divided by 15?
14
What is the remainder when 1586524 is divided by 2680?
2644
Calculate the remainder when 49116 is divided by 2750.
2366
Calculate the remainder when 3177250 is divided by 1626.
46
Calculate the remainder when 1564862 is divided by 2852.
1966
Calculate the remainder when 74608 is divided by 37117.
374
Calculate the remainder when 62814526 is divided by 486.
484
Calculate the remainder when 34276 is divided by 1147.
1013
Calculate the remainder when 736414 is divided by 736220.
194
Calculate the remainder when 131358 is divided by 5848.
2702
Calculate the remainder when 48860 is divided by 1255.
1170
What is the remainder when 120087 is divided by 14996?
119
What is the remainder when 1847339 is divided by 1634?
919
Calculate the remainder when 6727812 is divided by 9.
6
What is the remainder when 230578 is divided by 57566?
314
What is the remainder when 5346872 is divided by 1113?
20
What is the remainder when 71435460 is divided by 2827?
2824
What is the remainder when 50751219 is divided by 1623?
9
Calculate the remainder when 11438110 is divided by 4260.
10
What is the remainder when 94787201 is divided by 15478?
15407
What is the remainder when 2237846 is divided by 18343?
0
What is the remainder when 633657 is divided by 12?
9
What is the remainder when 127852052 is divided by 59?
55
Calculate the remainder when 368376 is divided by 73644.
156
Calculate the remainder when 2913131 is divided by 5757.
89
What is the remainder when 887675 is divided by 14552?
3
Calculate the remainder when 317711088 is divided by 86.
84
What is the remainder when 2524031 is divided by 56?
55
Calculate the remainder when 12766251 is divided by 27.
3
What is the remainder when 68126 is divided by 356?
130
What is the remainder when 4886114 is divided by 45?
14
Calculate the remainder when 4832361 is divided by 805391.
15
What is the remainder when 1016511 is divided by 254083?
179
What is the remainder when 45034 is divided by 14669?
1027
What is the remainder when 167029 is divided by 4607?
1177
Calculate the remainder when 24909315 is divided by 8303102.
9
Calculate the remainder when 1311483 is divided by 62.
59
Calculate the remainder when 23297391 is divided by 8581.
8557
Calculate the remainder when 21377 is divided by 7096.
89
Calculate the remainder when 30296 is divided by 10096.
8
What is the remainder when 270396 is divided by 274?
232
What is the remainder when 7888026 is divided by 9346?
2
Calculate the remainder when 103529 is divided by 17229.
155
What is the remainder when 19446735 is divided by 277809?
105
Calculate the remainder when 9765398 is divided by 1395046.
76
What is the remainder when 111098872 is divided by 377?
365
Calculate the remainder when 18889552 is divided by 658.
346
Calculate the remainder when 20334973 is divided by 10.
3
What is the remainder when 423467 is divided by 1441?
1254
What is the remainder when 1050157 is divided by 80?
77
What is the remainder when 939385 is divided by 1461?
1423
Calculate the remainder when 705574 is divided by 742.
674
Calculate the remainder when 1511763 is divided by 755857.
49
Calculate the remainder when 1184812 is divided by 592406.
0
Calculate the remainder when 308044 is